4
What is 49 - (39 + -44) - 50?
4
-33 + (81 + -17 - (27 + -16))
20
Calculate 1 - (1 - (1 - 5)) - (75 - 37).
-42
What is the value of -96 + -91 + 107 + -7?
-87
What is 6 - (-54 - -126) - -30?
-36
What is the value of 0 + 4 + (-1363 - -1362) + (1 - 57)?
-53
Calculate 15 - (-5 - (-15 - (-5 + -4))).
14
Evaluate 0 + 13 - (121 + -32 + 30 + (1 - -17)).
-124
Evaluate 37 - (11 - ((1 - -1) + -5 - (102 + -126))).
47
Evaluate 67 + 6 - (734 - 573).
-88
(-3 + 2 - (-1 + (-2 + 4 - 7))) + 1
6
What is the value of 76 + (-14 - -27) - (59 - 25)?
55
What is 24 + -34 - -22 - (-80 + 16)?
76
29 - (-27 + 44) - (1 - -31)
-20
Calculate (-6 + 8 - ((-4 - -3) + 3)) + -24.
-24
Evaluate 3 + 9 + (2 - -6 - (-67 - -57) - 3).
27
Evaluate -8 + (34 - 12 - 48) - -66.
32
What is the value of (-32 + (-1 - -6) - 0) + (6 - 13)?
-34
Evaluate 20 - (37 + -28) - -1 - -18.
30
What is 0 + 6 + -82 + 54?
-22
What is 109 + (87 + -103 - 59)?
34
Calculate 16 + -17 + -15 + (26 - 5).
5
What is 8 + -28 + -31 + 2 - -36?
-13
Evaluate (11 - (-20 - (-4 - 10))) + -29.
-12
What is 26 - (-5 + -4 + 28) - (-2 + -2 + -6)?
17
Calculate (-110 - -69) + 13 - 20.
-48
Evaluate -59 + (-100 - -157) - (1 + -40).
37
What is the value of (28 + (22 - 54) - -2 - (-1 - 5)) + -94?
-90
42 - 1 - (-20 - 22 - (102 - 148))
37
Evaluate 19 - ((-30 - -76) + -43).
16
Calculate 53 - (-8 + -4 + 40).
25
Evaluate 1 + 34 - (108 + -99 - -40).
-14
-10 + (2 + -7 - (-27 - -13) - -91) - 8
82
What is (-3172 - -3190) + -7 + 1?
12
Calculate (-2295 - -2387) + (33 - -1).
126
What is the value of -81 + 69 - (37 - -37)?
-86
What is (77 - (-49 + 80)) + -9?
37
107 + -70 + 79 + (33 - -9)
158
What is (-20 - 3) + (-211 - -239)?
5
What is 3 - -48 - (16 + -25)?
60
-99 + 35 + -23 + 15 + -3
-75
Calculate 277 - 286 - (-2 + -48 + (2 - -1)).
38
What is -4 + 37 + (0 - -22 - 39)?
16
Evaluate 8 + (-3 + -19 - (-20 + 47 - 20)).
-21
39 + (43 - (120 + -5)) - -138
105
Calculate 57 + 32 + (-23 - -15) + -37.
44
Evaluate 14 - (31 - 25 - -1) - 18.
-11
48 - (-52 - -9 - (-18 + -48))
25
What is -76 - (40 - (39 - -28))?
-49
-1 + 2 - 47 - (6460 - 6630)
124
What is -123 - (5 + 19 + 15 + -73)?
-89
What is 45 - (-50 - -20 - -57 - 31)?
49
Calculate -90 + 42 - -71 - -27.
50
What is -9 - (-6 - (-1 - (9 + -19 + 11))) - 58?
-63
Calculate 653 + -583 - (0 - -3 - 5 - (3 - 5)).
70
Evaluate 0 + 7 + -1 + (29 + -12 - 50) + -6.
-33
Evaluate 25 - -3 - (3 + 4) - (47 - 32).
6
What is the value of -46 + 0 - -2 - (2843 - 2862)?
-25
7 + (-18 + -1 - -15 - 52 - -2)
-47
What is (1 - 4) + (92 - 51) + (-7 - -1)?
32
Calculate -58 + 34 - (9 + 6).
-39
Calculate (-60 - 133 - -6) + 83.
-104
What is the value of (7 - -4) + -46 - (-22 - (-10 - 1))?
-24
What is the value of -1194 + 1142 - (2 - -3) - (-2 - -13)?
-68
What is the value of (-207 - -194) + 15 + 0 - 8 - (-90 + -3)?
87
What is the value of 41 - (-50 + -5 - -50 - (8 + 2))?
56
Calculate (-2 + -18 + 7 - (3 + (-10 - -2))) + -6.
-14
0 + -5 + 14 + 4 + -12 - -43
44
What is the value of (-22 - -76) + (11 - -8 - -3)?
76
Evaluate 12 + -38 + (-2 - -42).
14
Calculate (-32 - -35) + 33 - (32 + 50).
-46
-24 + (1 - 14 - (153 - 80 - 85))
-25
Evaluate (24 + -46 + 13 + -2 - -23) + -73.
-61
Evaluate -20 - (11 + -16 + 4) - (-12 - -17).
-24
Evaluate -58 - (-163 - -104 - 55).
56
What is 82 - (67 - (62 - 82))?
-5
What is 6 + -13 + 4 + (361 - 399)?
-41
What is -2 + 43 + (-482 - -337)?
-104
What is the value of -8 + (66 - 10) + -19 + 5 + 0?
34
What is the value of 1 - -1 - ((15 - 1) + -207 + 181)?
14
Evaluate 309 + -300 + (-3 - -35) + -20.
21
117 - (-105 - (120 + -284))
58
(-387 - -480) + 45 + 0 - (-1 + -12)
151
43 + -21 + -10 + 36 + -41
7
Calculate -40 - ((-7 - (6 - 25) - 3 - 19) + 11).
-41
What is 25 - (38 - (28 + -25))?
-10
Evaluate 18 + -58 + -6 + -22.
-68
Evaluate -4 + 26 - (-64 + -62 + 88).
60
Evaluate 21 - (2 + -47 + 23 - 1).
44
Evaluate -1 + -2 - (10 + (-62 + 22 - -2)).
25
What is 7 + (-38 - (3 + -49))?
15
What is the value of -3 + -6 - (-30 - (-10 - 8) - -12 - 18)?
9
What is the value of (-5 - -2) + 4 - (-13 - -7 - (-13 + 19))?
13
Calculate 5426 - 5436 - (22 + (-2 - -4)).
-34
What is -8 + 10 + (-7 - -10) + -11 + 29 + 15?
38
What is the value of -1 + 10 + -8 - (26 + (-37 - -2))?
10
37 - ((7 - (-15 + 21)) + 0 + -11)
47
Evaluate (15 - 16) + 49 + 7 + 5.
60
Calculate -29 + (6 - -35) + -42.
-30
Evaluate (-40 - (-51 - -19) - 12) + 78 + -2.
56
Calculate 37 + (-42 - 10) + -29.
-44
Evaluate (25 - (48 - 53)) + -65.
-35
Calculate (-35 - -16) + (-66 - -31).
-54
Calculate -12 + 71 + -7 + (26 - 19) + 9.
68
Evaluate -12 + -16 + 32 - 7.
-3
Evaluate 51 - (56 + -43 - 1).
39
Evaluate 149 - (-201 + 72 - -229).
49
-1 + 72 + (-30 - (25 + -65 - -21))
60
What is (8 + -7 - 8) + (10 - 1) + -1 - -44?
45
Calculate 8 + (-16 - (4 - 5) - -20).
13
Evaluate -60 + (-21 + 3 + 15 - 4) + -20.
-87
Calculate -7 + 0 - (91 - 240 - -57).
85
(1 - -9 - (5 + -1)) + (31 + 0 - 11)
26
Evaluate 14 - -24 - (-6 + 6 + -33 + 13).
58
(9 + -7 - 26) + (29 - 17)
-12
What is the value of -12 + 10 - -3 - (11 + 28) - 9?
-47
What is the value of -16 + 23 - 53 - (-6 - (-8 + 10))?
-38
What is the value of 0 - 5 - (-95 + (-62 - -35)) - 20?
97
30 + (-140 - ((-36 - -1) + 24))
-99
Calculate 57 + (-229 - -243) + (-28 - 3).
40
What is the value of 5 - (156 - (39 - (39 - 40)))?
-111
41 + 1 - (93 + -172 + 83)
38
(9 + 47 - 102) + -8
-54
Evaluate 1 - (14 - (5 + 27 - 28)).
-9
What is -47 - 10 - (-15 - (-26 - -18))?
-50
Evaluate 3 - 133 - (106 - (161 + -27)).
-102
Evaluate -16 + -4 - (17 - (14 - -5)).
-18
What is the value of 1 + 35 + (-17 - (-32 + -34))?
85
-164 - (-50 + 47 + -88)
-73
What is 24 - (69 - (60 + 74))?
89
-67 + 0 + (125 - (-260 - -380))
-62
What is the value of 53 - (-113 + (10 - -76))?
80
11 + 31 + (-8 - 42)
-8
-94 - (-65 + 53 + -50)
-32
What is (-3 - 0) + (0 - -3) - (0 - -1)?
-1
What is (0 + 1 - (-17 - -20)) + -17 + (6 - -15)?
2
(12 - 6) + 9 - (201 - 213)
27
What is 23 + -14 + (-17 + 8 - 10)?
-10
What is the value of (-76 - -73) + (-31 - -5) + 13?
-16
What is 80 + -87 + -10 + 42?
25
Calculate 34 - (-137 - -84 - -176).
-89
What is 1 - ((0 - -4) + -23 + -13 + 24) - 43?
-34
Evaluate (-323 + 315 - (-14 + -2)) + (-4 - -6) + 9.
19
16 - (161 - 94) - (-7 + 0)
-44
103 - 71 - (4 - (-12 + -12))
4
8 - (31 + -13 - (12 + 6))
8
86 + -51 + 14 + -3
46
What is the value of 86 - (67 + -3 + -79)?
101
Evaluate (11 - (-3 - -38 - 12)) + (3 - 18).
-27
Evaluate (-37 - -61) + -37 - (-1 - -1) - -69.
56
What is 2 - (-29 - -40) - -13?
4
Evaluate (12 - (-17 - -18)) + -1 + -3 + 30 + -1.
36
What is the value of (27 + 28 - 50) + -5?
0
(52 - (86 + -42)) + -9
-1
What is the value of (127 - 60) + -34 - 29?
4
37 - (-21 - (-55 - -2)) - (1 + -3 - 111)
118
-44 + 40 - (-45 + (-22 - -16))
47
Evaluate 36 + -46 + -30 + -2.
-42
What is (1 - -20) + -65 + -41 + 66?
-19
Evaluate 0 + 31 - (2 + -15 + (11 - -2) - 9).
40
Calculate -11 + 8 + 5 - (-85 - -60).
27
What is the value of -43 + (4 + 2 - -2) + 15 + -30?
-50
Calculate (-12 - -16 - 24) + 27 + -23.
-16
Evaluate -268 + 242 + (-9 - (4 + -7) - -4 - 3).
-31
Calculate -150 + 278 + -73 + (7 - ((-3 - 0) + 1)).
64
What is 14 + -22 - -75 - (1 - -14 - 17)?
69
What is 94 + -98 + 14 + 0 + -18 + 83?
75
-4 - (-3 + (6 + 2 - 13) - (5 + -89))
-80
Evaluate -6 + -3 - -3 - (26 + -27 + -16 - 29).
40
Evaluate -46 + -1 + 9 - (-44 - -62).
-56
What is 5 + 27 - 5 - (-8 - ((4 - -1) + -19))?
21
Evaluate 29 + -78 + (-36 + 23 - 9).
-71
Calculate -1 + 0 + (-163 - -163) + 14 + -89.
-76
What is (44 + -87 - -52) + 0 + -2 - -41?
48
What is -1 + 6 - (33 + (-42 - 1))?
15
What is (-1451 - -1464) + (8 + -3 + -3 - 29)?
-14
Evaluate (-4 + -4 + 62 - 19) + 34.
69
What is 3 + -6 - ((7 - (22 - 4)) + -58)?
66
(0 - 3 - (10 - 39)) + -3
23
46 + (-61 - -3) + 28
16
What is 20 + -20 + 2 + (4 + 12 - 80)?
-62
What is 55 - -39 - (-88 + 207)?
-25
What is 24 + -7 + 35 + -13?
39
Evaluate (-23 + 17 - (3 - (-1 + -6 - -7))) + 72.
63
What is 3 - -60 - (231 + -162)?
-6
Calculate (-18 + -1 + (-1402 - -1392) - -24) + (-1 - -75).
69
What is 78 + -115 + 116 - 122?
-43
What is 15 + -6 - (-19 + 13) - -51 - (4 - -1)?
61
Calculate 3 + 0 + 3 + 41 + 2.
49
Calculate -5889 - -5829 - (3 - 1 - 0 - -12).
-74
Evaluate -1 + -12 + 7 + -7 - (-116 - (16 + -119)).
0
Evaluate (1921 - 1948) + -53 + 3.
-77
What is 49 - (10 + 30 + -26 - 35)?
70
What is -42 + (-46 - -141 - -10)?
63
Evaluate 75 + (-20 - (-6